23, 61, 11939
List the prime factors of 5343.
3, 13, 137
List the prime factors of 2490783.
3, 461, 1801
What are the prime factors of 8694525?
3, 5, 7, 16561
List the prime factors of 2823423.
3, 43, 509
List the prime factors of 2729819.
2729819
What are the prime factors of 301986?
2, 3, 19, 883
What are the prime factors of 18185740?
2, 5, 909287
List the prime factors of 66596.
2, 16649
What are the prime factors of 7950335?
5, 239, 6653
List the prime factors of 214231.
283, 757
What are the prime factors of 1511818?
2, 7, 11, 9817
What are the prime factors of 360680?
2, 5, 71, 127
What are the prime factors of 348130?
2, 5, 31, 1123
What are the prime factors of 146058?
2, 3, 11, 2213
What are the prime factors of 609258?
2, 3, 13, 73, 107
List the prime factors of 31661236.
2, 1877, 4217
List the prime factors of 642702.
2, 3, 17, 6301
List the prime factors of 515568.
2, 3, 23, 467
What are the prime factors of 439726?
2, 7, 641
What are the prime factors of 316922?
2, 211, 751
What are the prime factors of 515910?
2, 3, 5, 29, 593
List the prime factors of 60891.
3, 20297
List the prime factors of 950428.
2, 237607
What are the prime factors of 139134?
2, 3, 23189
What are the prime factors of 242464?
2, 7577
What are the prime factors of 87515?
5, 23, 761
List the prime factors of 868936.
2, 47, 2311
List the prime factors of 1660501.
79, 21019
List the prime factors of 459604.
2, 114901
What are the prime factors of 42034?
2, 21017
List the prime factors of 13169373.
3, 7, 17, 37, 997
List the prime factors of 10274263.
10274263
List the prime factors of 374383.
71, 5273
What are the prime factors of 1231598?
2, 615799
What are the prime factors of 1283968?
2, 7, 1433
List the prime factors of 262822.
2, 7, 18773
What are the prime factors of 1094486?
2, 31, 127, 139
What are the prime factors of 12676465?
5, 2535293
What are the prime factors of 15212136?
2, 3, 179, 3541
List the prime factors of 3349173.
3, 47, 23753
What are the prime factors of 188108?
2, 31, 37, 41
List the prime factors of 280369.
181, 1549
What are the prime factors of 2719423?
7, 388489
What are the prime factors of 16823612?
2, 13, 41, 607
List the prime factors of 937237.
7, 191, 701
What are the prime factors of 9966802?
2, 4983401
What are the prime factors of 12238967?
13, 23, 40933
What are the prime factors of 43469?
17, 2557
List the prime factors of 1142218.
2, 7, 11, 7417
What are the prime factors of 583719?
3, 179, 1087
What are the prime factors of 92678?
2, 149, 311
List the prime factors of 478594.
2, 239297
List the prime factors of 900929.
900929
What are the prime factors of 448884?
2, 3, 37, 337
What are the prime factors of 574905?
3, 5, 38327
List the prime factors of 132835.
5, 31, 857
List the prime factors of 299330.
2, 5, 37, 809
What are the prime factors of 586853?
19, 67, 461
List the prime factors of 3544118.
2, 157, 11287
What are the prime factors of 4450920?
2, 3, 5, 29, 1279
What are the prime factors of 21847929?
3, 19, 383297
What are the prime factors of 250199?
250199
List the prime factors of 732272.
2, 45767
List the prime factors of 1556781.
3, 47, 61, 181
List the prime factors of 278744.
2, 34843
What are the prime factors of 874873?
874873
List the prime factors of 1066183.
31, 163, 211
List the prime factors of 5591285.
5, 7, 107, 1493
List the prime factors of 306348.
2, 3, 7, 521
What are the prime factors of 1959220?
2, 5, 97961
List the prime factors of 599491.
599491
What are the prime factors of 18902958?
2, 3, 101, 31193
List the prime factors of 5747846.
2, 13, 221071
What are the prime factors of 6329697?
3, 11, 59, 3251
What are the prime factors of 44703?
3, 4967
What are the prime factors of 561561?
3, 7, 11, 13, 17
What are the prime factors of 7603913?
17, 433, 1033
List the prime factors of 3626.
2, 7, 37
List the prime factors of 19173.
3, 7, 11, 83
What are the prime factors of 560220?
2, 3, 5, 9337
What are the prime factors of 4760583?
3, 19, 47, 1777
List the prime factors of 1357955.
5, 31, 8761
What are the prime factors of 5528308?
2, 61, 139, 163
What are the prime factors of 1097494?
2, 37, 14831
List the prime factors of 74636.
2, 47, 397
List the prime factors of 476213.
461, 1033
List the prime factors of 2695493.
2695493
List the prime factors of 2537302.
2, 103, 109, 113
List the prime factors of 1352630.
2, 5, 23, 5881
What are the prime factors of 4097852?
2, 11, 93133
What are the prime factors of 9350969?
17, 59, 9323
What are the prime factors of 38074854?
2, 3, 29, 127, 1723
What are the prime factors of 4352655?
3, 5, 61, 67, 71
What are the prime factors of 499276?
2, 124819
List the prime factors of 4363518.
2, 3, 71, 10243
What are the prime factors of 2150891?
17, 23, 5501
What are the prime factors of 7507118?
2, 3753559
What are the prime factors of 511208?
2, 63901
List the prime factors of 301391.
41, 7351
List the prime factors of 303277.
13, 41, 569
What are the prime factors of 243078?
2, 3, 11, 29, 127
What are the prime factors of 346915?
5, 69383
What are the prime factors of 12112?
2, 757
List the prime factors of 238406.
2, 7, 17029
What are the prime factors of 1697322?
2, 3, 11, 25717
List the prime factors of 17284684.
2, 23, 187877
What are the prime factors of 5631983?
7, 283, 2843
What are the prime factors of 918804?
2, 3, 23, 3329
What are the prime factors of 133528?
2, 16691
List the prime factors of 10026404.
2, 73, 34337
What are the prime factors of 5391010?
2, 5, 539101
What are the prime factors of 4496967?
3, 499663
What are the prime factors of 812278?
2, 53, 79, 97
List the prime factors of 299165.
5, 59833
List the prime factors of 2180553.
3, 107, 6793
List the prime factors of 168291.
3, 23, 271
What are the prime factors of 356433?
3, 7, 11, 1543
List the prime factors of 60703.
60703
What are the prime factors of 39557?
7, 5651
List the prime factors of 10257917.
37, 59, 127
List the prime factors of 301292.
2, 75323
What are the prime factors of 15347932?
2, 3836983
What are the prime factors of 613593?
3, 79, 863
What are the prime factors of 17497?
17497
List the prime factors of 464559.
3, 17, 9109
What are the prime factors of 280625?
5, 449
What are the prime factors of 2414673?
3, 268297
What are the prime factors of 755584?
2, 5903
List the prime factors of 2123031.
3, 707677
List the prime factors of 900033.
3, 43, 6977
List the prime factors of 804204.
2, 3, 89, 251
List the prime factors of 190412.
2, 181, 263
List the prime factors of 257958.
2, 3, 17, 281
List the prime factors of 140742.
2, 3, 7, 1117
List the prime factors of 17705002.
2, 7, 1264643
List the prime factors of 564200.
2, 5, 7, 13, 31
What are the prime factors of 1424712?
2, 3, 23, 29, 89
What are the prime factors of 17498849?
31, 131, 139
What are the prime factors of 120158?
2, 73, 823
List the prime factors of 997304.
2, 7, 11, 1619
What are the prime factors of 3419748?
2, 3, 94993
What are the prime factors of 23062585?
5, 7, 13, 557
List the prime factors of 199253.
19, 10487
List the prime factors of 6290934.
2, 3, 13, 59, 1367
List the prime factors of 466359.
3, 155453
What are the prime factors of 533115?
3, 5, 11, 359
List the prime factors of 1158785.
5, 47, 4931
List the prime factors of 6002243.
13, 397, 1163
List the prime factors of 2714441.
17, 159673
What are the prime factors of 2066081?
2066081
What are the prime factors of 790071?
3, 53, 4969
List the prime factors of 358707.
3, 119569
List the prime factors of 45406.
2, 73, 311
What are the prime factors of 10010752?
2, 197, 397
What are the prime factors of 104747?
19, 37, 149
List the prime factors of 2186403.
3, 23, 31687
List the prime factors of 403421.
569, 709
List the prime factors of 212793.
3, 7, 10133
List the prime factors of 243902.
2, 121951
List the prime factors of 32194.
2, 16097
List the prime factors of 331424.
2, 10357
What are the prime factors of 11871403?
11871403
List the prime factors of 19174458.
2, 3, 19, 168197
List the prime factors of 2142153.
3, 13, 17, 359
List the prime factors of 570540.
2, 3, 5, 37, 257
What are the prime factors of 12967140?
2, 3, 5, 216119
What are the prime factors of 11618813?
887, 13099
List the prime factors of 201653.
20165